) - -1?
-1
Calculate (-11 - 0) + (-41 - -47).
-5
-12 + (-10 - 4 - -25)
-1
Calculate (5 - (8 - -2)) + 8.
3
What is the value of -5 + (-6 - -6) - -11?
6
What is the value of 7 + (-4 - -1 - (-18 + 21))?
1
Calculate 3 - ((-3 - -4) + -2).
4
Evaluate -4 - 0 - (-69 + 65).
0
What is the value of 7 - (-4 + 2 + (-11 - -16))?
4
(9 - 1) + -17 + 13
4
Evaluate -4 + (9 + 1 - -2).
8
Calculate -18 - (3 - 10) - -8.
-3
Evaluate 6 - (3 - 2 - 0) - 0.
5
What is -1 - (38 + -38 + 1 + -1)?
-1
Evaluate -13 + (-10 - -16) + 15.
8
What is (-8 - -7) + (11 - (-5 + 8))?
7
Calculate -6 + (3 - 3) + 3 - 2.
-5
Calculate 5 + (1 - 4 - 0) + -4.
-2
What is the value of 4 - (7 + -3 - -6)?
-6
What is the value of (7 - 7 - 1) + 3?
2
What is the value of -3 + (-3 - -4) + -1 + -2?
-5
What is the value of (4 - 5) + -6 - (-3 + 0)?
-4
What is the value of 7 - (29 - 7 - 11)?
-4
What is (-1 - -2) + 4 - 1 - 1?
3
-6 + -8 + 6 - -4
-4
Calculate -3 - (-4 + 3) - 2.
-4
What is the value of -1 - (-2 - (7 - 9))?
-1
(0 - -3) + 1 - 3
1
5 - (-6 - (-5 + -3))
3
What is the value of 5 + -9 - (-1 + 1)?
-4
Evaluate 2 - (5 + -4) - (-4 + -1).
6
Calculate (-2 - -4) + -7 + 48 + -48.
-5
1 + -11 + 2 + (-5 - -10)
-3
Evaluate 1 + 5 + -2 - 1.
3
What is the value of 1 + (-3 - -5) + -3?
0
Evaluate 0 - ((2 - 3) + 4).
-3
Evaluate (-2 - -4) + 1 + -3.
0
What is the value of 2 + (-2 - 8 - -9)?
1
What is 10 + (0 - (10 - 3))?
3
What is 2 + -1 - 10 - -3?
-6
Calculate (13 - -5) + -6 + 5 + -7.
10
Evaluate 10 - (4 + -3 + 5) - -1.
5
Evaluate (2 - -10) + 2 - 16.
-2
What is 0 + 5 + (-8 - (-1 - 4))?
2
What is the value of -1 - (10 + -2 - (-6 - -17))?
2
What is 4 + (8 - (-3 + 13))?
2
Calculate (19 - 16) + 0 + -1 + -6.
-4
What is the value of -2 + (1 - -1) + 6 + -8?
-2
-5 - -1 - (-2 + -4 - -6)
-4
What is the value of 5 - (4 - -2 - (-13 + 4))?
-10
What is the value of 40 + -45 + 1 + 1 - -1?
-2
Calculate 0 - ((-8 - -18) + -9).
-1
Calculate 8 + (7 - 8 - 14).
-7
Calculate (-2 + -1 - -2) + (0 - 2).
-3
Calculate -11 - (-15 + 3 + 1 + 5).
-5
-6 + (2 + -9 - (-2 + -6))
-5
What is the value of 4 - (-4 + 3 - -7) - -2?
0
Calculate (-6 - -9) + -14 + 11.
0
What is -4 + 13 + -6 + -1 + 4?
6
What is (-215 - -201) + (0 - -6)?
-8
Evaluate -1 - (-1 + (6 - 4)).
-2
What is the value of 6 - (-7 + 3 + 12)?
-2
Evaluate -3 + 6 + -6 - -3.
0
Calculate -24 + 18 + -2 + 10.
2
-6 + 3 - 0 - -4
1
Evaluate 1 + 3 + 2 + -6.
0
What is -5 - (-3 - (-3 - -10)) - 0?
5
Calculate 12 - 10 - (4 - 2).
0
(0 - (0 + 0)) + 1
1
What is the value of -10 + 12 + (2 - -1 - -3)?
8
What is the value of (-2 - -8 - 6) + 9?
9
What is -2 + -1 - ((-7 - -4) + 1)?
-1
What is the value of -3 - -4 - (3 - 2) - 3?
-3
(-16 - -11) + (0 - -5)
0
Calculate 6 - (4 - (8 + -4 + -3)).
3
Evaluate 16 + -1 - 4 - 9.
2
Evaluate -3 + 4 + 3 + -2 + -2.
0
Calculate (125 - 141) + -1 + 13.
-4
Evaluate -1 + -1 - 5 - -3.
-4
6 - (16 - (1 - -6))
-3
What is the value of -9 - (8 + (-12 - 6))?
1
What is 21 - (7 - (-12 + 5))?
7
14 - (11 - (-6 + 5))
2
What is -1 + -3 + (0 - -6) + -7?
-5
What is 1 + 3 + -1 + 1?
4
Evaluate -2 + (-3 + 5 - -4).
4
1 - 5 - 2 - -8
2
Calculate 5 - (2 - (-4 + (5 - 2))).
2
What is 3 + -6 + (5 - 5)?
-3
What is 7 + (4 - 6) + -2 - 4?
-1
What is the value of (-16 - 6) + 7 + 8?
-7
(-10 - -13) + -4 + -2 + 1
-2
Calculate -4 + 2 + 2 + 1.
1
Evaluate 1 - (2 - (-3 + 3) - 2).
1
What is (-10 - -8 - 2) + -2?
-6
34 + -33 - (1 + 2)
-2
Calculate -2 - (-3 + (11 + 1 - 5)).
-6
Calculate 4 + (-3 - 1) - -4.
4
What is the value of -1 + 6 + -2 - (6 + -2)?
-1
Calculate (-3 - -5) + (3 - 13).
-8
What is the value of -9 + 5 + 10 + (-4 - -3)?
5
Evaluate (16 - 14) + (-4 - 2).
-4
-2 - (-7 - -10 - 6)
1
2 + -4 + 1 + (3 - 7)
-5
0 - (2 - -3 - 3)
-2
What is the value of -4 - (-11 + (0 - -3)) - 1?
3
Evaluate -6 + (3 + (-2 - -8) - -3).
6
9 + (-9 - -8) + -2
6
What is 0 + (2 - -2) + -5 - 3?
-4
What is the value of (2 - 6) + (2 - 2)?
-4
Evaluate 1 + (-8 - -2) + (-17 - -23).
1
What is the value of -6 + (-5 + 16 - 12)?
-7
Calculate -7 - (0 + -8 + 3).
-2
What is the value of 1 + -2 + -6 + 2?
-5
What is the value of 41 + -44 + (0 - -7)?
4
What is the value of 3 + -1 - (1 + -3)?
4
What is 2 + -4 + 0 + -4 - -11?
5
2 + (5 - (5 + -2)) + -6
-2
Calculate (14 - (31 - 14)) + 0 + -1.
-4
(-2 - 3) + (5 - -1)
1
Calculate (2 + -10 - -5) + 1 - -3.
1
What is the value of (-1 + -5 - -10) + 0 + 1?
5
Evaluate (-8 - -17 - 5) + -3 + 3.
4
13 + -6 - (10 + -4 - 2)
3
Calculate (-10 - 1) + -3 + 14.
0
Calculate 0 + -6 + 2 - (3 + -3).
-4
What is 7 - (-2 + 1 + 3 + -2)?
7
Evaluate -2 + 0 - (-5 + 5 + -3).
1
What is the value of -9 + 2 + 0 - (-9 - 5)?
7
What is the value of 5 + -11 + -3 + 6?
-3
What is 5 - (3 + (6 - 0) + 3)?
-7
-2 + -2 - (-5 - (4 - 4))
1
(9 - 10) + (2 + -3 - -2)
0
What is the value of 0 - ((-9 - -12) + (-5 - -2))?
0
(-1 - (6 - 5)) + 0 + -2
-4
(6 - (-4 + 7)) + 1 + -1
3
Calculate (12 - (1 + 4)) + -2.
5
What is the value of -18 + 19 - (6 + -2) - 1?
-4
What is the value of 6 - (-2 + 4 + 2)?
2
What is the value of 1 - ((1 - -2) + 0)?
-2
-6 + -2 - (-78 + 66)
4
Calculate 5 + -5 + -2 + 3.
1
What is the value of 1 + 0 - (0 + -3 + 7)?
-3
Evaluate 4 - ((11 - (1 + 5)) + -5).
4
What is 5 - ((-4 - -2) + 4 + 2)?
1
What is -8 + 1 - (0 - 1)?
-6
What is 1 - 4 - (-3 + -1) - 4?
-3
What is (1 - 0) + 0 - 6?
-5
What is (-6 - -14) + -12 + 11?
7
Calculate -2 + 3 + (2 - (-1 + 4)).
0
What is the value of 1 + -4 - (15 + (-22 - -4))?
0
What is 11 - (2 + 5 + 0)?
4
What is the value of -1 + 7 + -6 + (-6 - -8)?
2
Evaluate (-2 - -4) + -10 + (7 - 4).
-5
What is the value of (4 + -4 - 2) + 0 - -2?
0
What is 8 - 9 - 10 - -8?
-3
Calculate 0 - 0 - (4 + -4) - 5.
-5
Calculate 4 + 2 + -3 + 5.
8
What is the value of 2 + 0 + (-10 - -7) + 2?
1
Evaluate -3 + 6 + -6 + 5.
2
-3 + (-3 - (2 + (1 - 5)))
-4
What is -4 - -6 - -4 - (4 + 1)?
1
-3 + (-4 - (-3 - 8 - -4))
0
Calculate (19 - 7) + (-13 - -7).
6
-3 + 3 + 1 + -5 - 0
-4
(-2 - -3 - 2) + (1 - 4)
-4
What is 2 + -1 + -4 + 1?
-2
Calculate 8 - (-2 + 7 - 1).
4
(4 + 0 - 10) + 1
-5
What is -1 - -8 - 6 - 6 - -1?
-4
Calculate 1 + -3 + (14 + -16 - -4).
0
What is the value of -1 + -7 - (75 - 75)?
-8
What is 12 - (-11 - -22) - -2?
3
-3 - (1 + 3 + 61 + -59)
-9
-3 - ((3 - 10) + -2) - -3
9
Evaluate (-11 - -6) + (1 - (-2 + 1)).
-3
What is the value of 3 + 1 + -22 + 14?
-4
Evaluate (4 - -3) + (-5 - 7).
-5
Evaluate (-1 - 2) + 5 + 3.
5
-8 + 2 + (105 - 108)
-9
What is the value of -3 + 2 - (-6 + 10)?
-5
What is (3 + -3 - 3) + 2?
-1
What is the value of -9 + 8 + 10 + -7?
2
Calculate -3 - -1 - -4 - (-11 - -18).
-5
What is 1 + -3 + -6 + 4 + 5?
1
Evaluate (-3 - -3) + (-2 - (-3 - -1)).
0
1 + -11 + 2 + (2 - -1)
-5
Evaluate 0 - (0 + 3 + 2).
-5
What is the value of -8 + (30 - 7 - 8) + -8?
-1
Evaluate 10 - (-12 + 6 + 11).
5
What is the value of -5 + 0 - (2 - 2)?
-5
Calculate (-16 + 17 - (2 - -4)) + 9.
4
Evaluate 9 - -11 - 8 - 8.
4
4 + (8 - 6) + -2
4
Calculate -3 - 0 - (-8 - (-9 + 3)).
-1
What is 5 + -6 + -6 - -3?
-4
Evaluate 5 - (6 - 4 - -2).
1
Calculate -10 + -6 + 14 + -1 + 2.
-1
Calculate (4 - 0) + (-18 - -10).
-4
0 + 3 + (11 - 11)
3
Evaluate (3 - -11) + (6 - 13).
7
Calculate (1 + -1 - -6) + (-338 - -330).
-2
Evaluate 3 + -1 + 1 + -5 + 6.
4
What is the value of (-2 - (-4 - 0)) + 11 + -15?
-2
4 - -8 - 23 - -12
1
What is the value of -4 - (2 + (5 - 7) + -5)?
1
Evaluate 1 + -1 + 9 + -4 + -3.
2
What is the value of (1 - 1) + (5 + 1 - 7)?
-1
2 + (-1 - 3) + 3
1
What is (2 - (2 + -1)) + -2?
-1
-2 - -8 - 15 - -5
-4
55 + -59 - (1 + -1)
-4
What is the value of -2 + (8 - 1 - (-10 + 9))?
6
Calculate (-4 - -2) + (-5 - -2 - -4).
-1
What is the value of -25 + 23 - (2 + -2 - 1)?
-1
-3 + -3 + (3 - -5)
2
(4 + 2 - 2) + -4
0
Evaluate 1 - (0 - (8 - 10)).
-1
Evaluate -2 + -1 + 5 + -5.
-3
-16 + 4 + 10 + -4
-6
What is (-17 - -15) + (-1 - -5)?
2
Evaluate (8 + -8 - -9) + -7.
2
Evaluate 1 + 1 - (-11 + 11).
2
Evaluate -6 + (2 + 4 - (18 - 11)).
-7
What is -3 + -4 - (2 + -11)?
2
Calculate -2 + -7 + 4 + 3.
-2
Calculate (6 - 6) + -5 - -2.
-3
Calculate -1 + 5 + (-4 - 4).
-4
What is the value of 26 - (-19 + 34) - (5 - 0)?
6
14 - 11 - (10 - 14)
7
Calculate (2 - -1 - -1) + (6 - 8).
2
Evaluate -1 - (0 - 3) - 2.
0
What is the value of 2 + 7 + -2 + -1?
6
Evaluate -8 + 2 + 1 + 16 + -15.
-4
Evaluate -3 - 0 - (-7 + 0).
4
(-2 - -1) + 5 - (2 + -1)
3
Evaluate -1 - ((0 + -2 - -6) + -3).
-2
Calculate -5 + 3 + (5 - (6 + -4)).
1
12 + -